26*o + 87. Determine f(-9).
87
Let h(q) = -1564*q + 43778. Determine h(28).
-14
Let b(d) = d**3 + 79*d**2 + 1135*d - 349. Determine b(-60).
-49
Let j(m) = m**3 + 244*m**2 + 7819*m - 336. Determine j(-38).
6
Let c(a) = -3307*a - 26443. Calculate c(-8).
13
Let k(d) = -2*d**3 - 2594*d**2 - 20833*d - 269397. Determine k(-1289).
4
Let t(f) = 2*f**2 + 7321*f + 621776. Give t(-87).
-13
Let w(a) = 5*a**3 + 155*a**2 + 799*a + 19467. Give w(-30).
-3
Let w(a) = -13*a**3 + 211*a**2 + 1304*a - 43. Determine w(21).
-1
Let f(k) = 154*k + 15763. Give f(-83).
2981
Let l(j) = -j**3 - 43*j**2 + 84*j + 3263. What is l(-43)?
-349
Let f(t) = 1366*t**2 - 4125*t + 46. Calculate f(3).
-35
Let m(v) = -12*v**2 + 1508*v + 11697. Give m(133).
-7
Let n(o) = 2*o**2 + 76*o - 600. Calculate n(-45).
30
Let r(l) = l**3 - 58*l**2 + 2993*l - 193694. Give r(61).
42
Let s(r) = -r**3 + 540*r**2 + 47*r + 859033. Determine s(543).
7
Let t(x) = 3*x**3 + 838*x**2 + 22. What is t(0)?
22
Let x(b) = 4720*b - 750461. Determine x(159).
19
Let r(t) = 2233*t + 13424. Give r(-6).
26
Let i(z) = -96*z + 9562. Calculate i(100).
-38
Let s(b) = 21*b**2 - 2946*b + 806. Give s(140).
-34
Let p(r) = -4*r**2 + 16138*r - 96693. Give p(6).
-9
Let u(f) = 2*f**2 - 133*f + 1908. Give u(46).
22
Let r(c) = 2*c**3 - 421*c**2 + 2839*c + 23. Give r(7).
-47
Let u(w) = w**3 + 262*w**2 - 1061. Give u(-262).
-1061
Let m(k) = 3950*k + 4092. Calculate m(-1).
142
Let t(f) = 23*f**2 - 1302*f + 1293. What is t(1)?
14
Let l(y) = -y**2 + 617*y + 10330. Calculate l(-16).
202
Let x(g) = -g**3 - 46*g**2 - 297*g - 938. Determine x(-39).
-2
Let x(a) = -1314665*a - 1314670. Calculate x(-1).
-5
Let t(y) = -136679*y - 1230145. Calculate t(-9).
-34
Let i(a) = -3*a**2 + 136*a - 1180. What is i(26)?
328
Let w(z) = -z**3 + 35*z**2 + 81*z + 396. Determine w(38).
-858
Let o(b) = 2*b**3 - 379*b**2 - 4401*b + 54. Determine o(-11).
-56
Let q(j) = -21*j**2 - 793*j - 1578. Determine q(-2).
-76
Let f(p) = -17009*p + 646392. Determine f(38).
50
Let q(l) = 16023*l**2 + 4774856*l + 605. Give q(-298).
9
Let p(f) = -5*f**3 + 38*f**2 + 96*f + 29. What is p(-2)?
29
Let w(l) = -20405*l + 81576. Determine w(4).
-44
Let s(u) = 6991*u - 77744. Give s(11).
-843
Let g(m) = -m**3 + 33*m**2 - 49*m + 4223. Calculate g(35).
58
Let q(l) = 818*l**2 + 33527*l - 456. Calculate q(-41).
-5
Let y(w) = 164*w + 27531. What is y(-139)?
4735
Let t(u) = -6*u**2 + 2347*u + 187338. Give t(-68).
-2
Let k(q) = -q**2 + 4052*q - 2108122. Determine k(613).
-15
Let x(j) = -j**3 + 160*j**2 - 3699*j + 69. What is x(28)?
-15
Let m(o) = -71*o + 4955. Calculate m(69).
56
Let i(b) = -85*b**2 + 18510*b - 14112. Determine i(217).
-7
Let x(j) = 108*j**2 + 252*j + 506. Give x(-2).
434
Let z(b) = 111*b + 2035. Determine z(-18).
37
Let w(d) = 4255*d - 51454. What is w(13)?
3861
Let l(t) = -33*t**2 + 576*t + 331. Give l(17).
586
Let v(z) = -z**3 - 32*z**2 + 102*z - 79. Determine v(2).
-11
Let h(n) = 9*n**2 + 2573*n - 3128. Determine h(-287).
-258
Let z(k) = -7*k**3 + 100*k**2 - 394*k + 550. Calculate z(9).
1
Let s(a) = 3*a**2 + 438*a - 1069. Give s(-147).
-628
Let y(o) = 16*o**2 - 8*o - 33. Give y(6).
495
Let t(s) = 28696*s + 258057. Determine t(-9).
-207
Let q(f) = -90*f - 1222. Determine q(0).
-1222
Let c(m) = -14*m**3 + 1130*m**2 - 9042*m + 65. Determine c(9).
11
Let y(g) = 81*g + 2572. Determine y(-36).
-344
Let m(k) = 261342*k**2 - 4*k - 7. Determine m(0).
-7
Let o(i) = -3*i**2 + 124*i - 970. Determine o(35).
-305
Let n(p) = 487*p + 146466. Give n(-300).
366
Let z(a) = -3166*a + 2876. Determine z(1).
-290
Let p(k) = 13283*k - 1434553. What is p(108)?
11
Let p(r) = r**2 + 376*r + 4357. Determine p(-12).
-11
Let l(x) = 1682*x - 12677. Calculate l(9).
2461
Let l(y) = -9347*y - 429918. Determine l(-46).
44
Let b(d) = -d**3 - 69*d**2 - 991*d + 6. What is b(-47)?
-2015
Let f(v) = -3*v**2 + 332*v + 7822. Determine f(-20).
-18
Let n(q) = -3*q**3 - 302*q**2 - 6663*q + 66. Give n(-68).
-2
Let y(k) = 11*k**3 - 412*k**2 - 1225*k. Determine y(-3).
-330
Let o(v) = -563315*v - 9013049. Determine o(-16).
-9
Let g(f) = 1650*f + 127079. Calculate g(-77).
29
Let v(h) = h**3 + 153*h**2 - 1984*h + 30. What is v(12)?
-18
Let s(i) = 10*i**2 + 106*i - 95. Give s(-6).
-371
Let d(t) = t**3 + 27*t**2 - 33*t - 559. What is d(-23)?
2316
Let y(b) = b**2 - 253*b - 4770. Give y(-18).
108
Let w(o) = 2*o**3 - 31*o**2 - 151*o + 2151. Calculate w(16).
-9
Let k(s) = -73*s + 1988. Give k(30).
-202
Let w(p) = 52*p - 986. Give w(39).
1042
Let m(d) = -d**3 - 138*d**2 - 200*d - 8676. What is m(-137)?
-45
Let p(l) = l**3 + 13*l**2 - 11*l + 600. What is p(-20)?
-1980
Let c(z) = -z**3 - 19*z**2 - 67*z - 128. Determine c(-15).
-23
Let n(s) = -1022*s + 7868. Calculate n(8).
-308
Let d(w) = 3*w**2 - 953*w - 7774. Determine d(-8).
42
Let f(a) = a**3 + 202*a**2 - 1713*a - 6886. Give f(-210).
44
Let q(i) = 16224*i - 210934. Calculate q(13).
-22
Let y(o) = -o**2 + 1931*o - 62. Give y(0).
-62
Let g(m) = -6*m**2 + 955*m - 15254. Calculate g(18).
-8
Let r(k) = 23*k**2 + 580*k - 128. Calculate r(-24).
-800
Let n(l) = -l**3 - 41*l**2 - 135*l - 2202. What is n(-39)?
21
Let k(t) = 68*t**2 - 18*t + 2. Determine k(0).
2
Let x(p) = p**3 + 13*p**2 - 35*p - 38. Determine x(3).
1
Let j(n) = 63*n**2 - 536*n + 320. Calculate j(8).
64
Let s(w) = -11*w**2 + 3153*w + 768562. What is s(444)?
-2
Let l(c) = -17050*c + 68083. Determine l(4).
-117
Let o(i) = 2*i**2 - 3576*i - 28639. Give o(-8).
97
Let s(g) = -129*g**3 + 15998*g**2 - 230*g - 2241. Give s(124).
-9
Let m(k) = -2*k**2 + 93*k - 316. Calculate m(47).
-363
Let o(p) = -992*p - 76414. Calculate o(-77).
-30
Let o(v) = 309*v + 19461. Give o(-63).
-6
Let j(q) = 9*q**2 + 525*q + 4457. Calculate j(-48).
-7
Let d(q) = 29*q + 483. Give d(1).
512
Let r(i) = i**3 + 35*i**2 + 819*i + 35431. Determine r(-38).
-23
Let j(v) = 14*v + 2990. Give j(-211).
36
Let n(u) = 1056*u + 5350. Give n(-4).
1126
Let b(p) = -p**3 - 22*p**2 - 291*p - 5630. Give b(-21).
40
Let x(d) = -4*d**2 - 52*d + 1886. Determine x(-29).
30
Let v(j) = j**3 + 263*j**2 - 878*j - 230894. Give v(-263).
20
Let m(h) = 130*h + 1358. Determine m(-9).
188
Let d(p) = 683*p**2 - 112*p + 111. What is d(1)?
682
Let p(w) = 2041*w + 6076. Give p(-3).
-47
Let a(u) = -1204*u - 1215. What is a(-1)?
-11
Let a(v) = 26*v**2 - 9257*v - 18630. What is a(-2)?
-12
Let o(v) = 3077*v - 73886. Calculate o(24).
-38
Let p(q) = -14*q**2 - 1684*q - 10121. Determine p(-6).
-521
Let b(h) = h**3 - 234*h**2 - 2195*h - 70. What is b(-9)?
2
Let h(o) = 806*o - 32553. Determine h(39).
-1119
Let i(s) = -9*s**3 + 38*s**2 - 8434*s + 33701. Give i(4).
-3
Let h(t) = -31650*t - 1076413. Determine h(-34).
-313
Let w(c) = -37227*c + 744556. What is w(20)?
16
Let w(u) = -4809*u - 361045. What is w(-75)?
-370
Let w(t) = 292*t - 15194. Give w(52).
-10
Let c(z) = -8*z**2 + 192*z - 639. What is c(20)?
1
Let c(a) = -4024*a - 8504. What is c(-2)?
-456
Let w(x) = 2*x**3 + 54*x**2 - 14*x - 397. Calculate w(-27).
-19
Let v(r) = 1100*r + 26571. Calculate v(-24).
171
Let m(c) = -c**2 + 798*c + 45104. Give m(-53).
1
Let g(l) = 5827*l + 932325. Calculate g(-160).
5
Let h(x) = -x**2 + 811*x + 170193. Give h(-173).
-39
Let s(y) = -7634*y - 404612. What is s(-53)?
-10
Let o(c) = -c**3 - 39*c**2 + 79*c + 146. Calculate o(-41).
269
Let t(x) = 47*x**2 - 7376*x - 22117. Determine t(-3).
434
Let s(k) = 29*k**3 + 30*k**2 + 77*k + 40. Give s(-3).
-704
Let s(n) = n**3 - 2*n**2 + 12947*n - 10. What is s(0)?
-10
Let c(b) = -26007*b + 78028. Calculate c(3).
7
Let c(r) = -18*r**3 - 56*r**2 + 484*r + 1468. What is c(-3)?
-2
Let h(m) = -4838*m**2 + 19318*m + 128. Determine h(4).
-8
Let i(h) = 2*h**3 - 57*h**2 + 708*h - 19022. Give i(28).
18
Let b(a) = -54*a**2 - 320*a + 376. Give b(-7).
-30
Let r(f) = 43*f**2 + 4*f - 136. Give r(4).
568
Let l(j) = -j**3 + 14*j**2 - 205*j - 4325. Calculate l(-10).
125
Let k(c) = -3*c**2 - 21012*c - 105033. What is k(-5)?
-48
Let v(k) = 285*k**2 + 5699*k - 28. Determine v(-20).
-8
Let h(w) = 255*w + 555. Give h(4).
1575
Let g(r) = 4*r**2 + 1288*r - 57. Give g(-322).
-57
Let l(g) = -48*g**2 - 153*g - 120. Determine l(-2).
-6
Let h(q) = -33542*q + 32065. Calculate h(1).
-1477
Let f(u) = -629*u + 36878. Calculate f(59).
-233
Let h(q) = -75989*q - 1899725. Determine h(-25).
0
Let k(z) = z**2 +